ainder when 642/a + 2 + 6/(-9) is divided by 4?
1
Let f(i) = -i - 24. Calculate the remainder when 27 is divided by f(-31).
6
Suppose -22 = -v + 2*a, 0 = -5*v + 2*a + 60 + 18. What is the remainder when v is divided by 8?
6
Suppose 4*l - 8 = 0, 3*v + 4*l - 14 + 0 = 0. Suppose 3 = 2*h + n, -2*n - 3*n = -15. Suppose h = v*y - 29 - 3. Calculate the remainder when y is divided by 9.
7
Let d(a) = -3*a**2 + 19*a + 3. What is the remainder when d(6) is divided by 3?
0
Suppose -39 - 57 = -4*q. Let m = -523 + 593. Calculate the remainder when m is divided by q.
22
Let p(s) = s**2 - 5*s + 75. Let t be 4/(-6)*(-18)/(-12) + 1. Calculate the remainder when p(t) is divided by 11.
9
Suppose 0*s + 3*m = s - 39, 0 = 3*s + 5*m - 75. Calculate the remainder when 80 is divided by s.
20
Let a be (272/12)/(((-1)/(-3))/(-1)). What is the remainder when 98 is divided by ((-3)/6)/(2*1/a)?
13
Suppose 26*s + 12 = 30*s. Suppose 0 = -3*z - 0 + s. What is the remainder when 43 - 2 - (-1)/z is divided by 11?
9
Suppose -4*r + 10*u = 9*u - 372, 2*r + 5*u - 186 = 0. What is the remainder when r is divided by 32?
29
What is the remainder when -26*3*(-12)/8 is divided by 15?
12
Let g(a) = a + 18. Suppose 3*n = 4*n + 9. What is the remainder when g(n) is divided by 6?
3
Suppose -1 + 19 = 6*b. Let k = b - -22. Calculate the remainder when 49 is divided by k.
24
Let p = -4 - -10. Let h = 3715 - 3597. Calculate the remainder when h is divided by p.
4
Suppose 2*w + 36 = -5*a, -4 = -3*a + w - 19. Let l(g) = -2*g + 26. What is the remainder when l(a) is divided by 20?
18
Let u = 227 + -153. Suppose 0 = -5*a + 10*a - 125. Calculate the remainder when u is divided by a.
24
Let h be (-4 - -2) + -3 + 8. Suppose -2*v = 2*l - 4, 6*v - h*v + 4*l = 6. Calculate the remainder when (2*1)/(v/4) is divided by 3.
1
Let f be ((-7)/(-14))/((-2)/(-28)). Suppose 0 = f*p - 28 - 42. Calculate the remainder when 22 is divided by p.
2
Let p = -370 + 392. What is the remainder when 108 is divided by p?
20
Suppose 0 = -9*v + 6*v + 12. Suppose -n - 3*x + 31 = -0*n, 5*x - 89 = -v*n. What is the remainder when 28 is divided by (n/32)/(2/60)?
13
Let i = -20 - -21. Suppose -a - n + 2 = -i, 5*n = 5*a - 5. Suppose -h - 5*s + 3 + 8 = 0, a*h - 32 = -5*s. Calculate the remainder when h is divided by 6.
3
Let l(p) = -p**3 - 10*p**2 - 12*p - 42. Calculate the remainder when l(-10) is divided by 42.
36
Let v(f) = 6*f + 136. What is the remainder when v(-9) is divided by 28?
26
What is the remainder when 303 is divided by (-16)/4*(-85)/20?
14
Let r(h) = 71*h**2 - 24*h + 9. Let a be r(9). Let n(k) = 6*k**2 - 4*k + 2. What is the remainder when 2/(-9) + a/162 is divided by n(2)?
16
What is the remainder when 110/1*(-6)/(-15) is divided by 6?
2
Calculate the remainder when ((-134)/4)/((-2)/4) is divided by 18.
13
Suppose -3*w - 118 = 170. Let c = -82 - w. Calculate the remainder when c is divided by 5.
4
Let d(o) = 27*o - 2. Suppose -5*a - 25 = 0, -3*l + 0*a - a - 2 = 0. What is the remainder when 48 is divided by d(l)?
23
What is the remainder when (-315)/(-5) + (-28)/(-4) is divided by 25?
20
Let h(u) = -5*u - 22. Let p be 31/(-4) - (-4)/(-16). Calculate the remainder when 87 is divided by h(p).
15
Let x(p) = -p**2 + 19*p + 2. Suppose y - 4 = 3*t - 5, t + 37 = 3*y. What is the remainder when x(y) is divided by 19?
15
Suppose -3037 = -13*d + 824. Calculate the remainder when d is divided by 77.
66
Suppose -5*d + 0*d = -15. Suppose 2*k + 100 = 4*l, -16 = -d*k + 7*k. Calculate the remainder when 88 is divided by l.
19
Let p(q) = -13*q + 123. Calculate the remainder when p(6) is divided by 65/4 + (-5)/20.
13
Suppose 0 = -10*z + 7*z. Suppose 4*q - 209 + 57 = z. What is the remainder when 148 is divided by q?
34
Suppose -v - 12 = -q, 4*q - 5*q - 2*v + 3 = 0. What is the remainder when 548 is divided by q?
8
Suppose 3*o + 96 - 318 = 0. Suppose 6*m - m + 2*y - 376 = 0, o = m + y. What is the remainder when m is divided by 26?
24
Suppose -3 = -r + 2. Suppose -2*t = -r*t + 9. Suppose -s = t*s - 76. What is the remainder when 56 is divided by s?
18
Let b(q) = 4*q**2 - 4*q + 16. Let c be b(-5). Suppose 4*p + 4*z = c, -10*z = -6*z - 16. Calculate the remainder when p is divided by 11.
8
Let n(r) = 4*r + 2. Let y be n(8). Suppose -2*g - 3*g - 3*f = -87, 2*g + f = y. Calculate the remainder when g is divided by 6/(-14) + 12/(-21) + 5.
3
Suppose 0 = 33*i + 63 - 1350. Calculate the remainder when 286 is divided by i.
13
Suppose -v = -5*a - 24 - 9, -5*v + 3*a = -55. Calculate the remainder when v is divided by 12/(-8)*28/(-21).
0
Let u be (5 - 6) + 1 + -3 + -3. What is the remainder when 32 is divided by (5 + -1)/((-2)/u)?
8
Calculate the remainder when 220 - (5 + 3)/8 is divided by 62.
33
Let m = -179 + 186. Suppose 6*g - 4*g = 54. What is the remainder when g is divided by m?
6
Suppose 1 = 2*z - s, 2*s + 0 - 16 = -5*z. Calculate the remainder when 50 is divided by z*(-13)/(-2)*13/13.
11
Let j = -17 - -9. Let i(q) = -6*q**2 + 10*q - 9. Let f(r) = -5*r**2 + 9*r - 9. Let m(s) = 7*f(s) - 6*i(s). What is the remainder when m(j) is divided by 12?
7
Let p(l) = -l**2 - 44*l + 82. Calculate the remainder when 1699 is divided by p(-45).
34
Let j(s) = -24*s + 73. Calculate the remainder when j(-7) is divided by 18.
7
Let s = -254 - -307. What is the remainder when 263 is divided by s?
51
Suppose -2*y = -5*q - 0*y + 101, 3*q - 67 = -2*y. Let n = 28 - q. Calculate the remainder when n is divided by 3.
1
Let t = -18 - -245. Suppose 5*k = n + t, -3*k - 3*n = -2*k - 39. Suppose k = 8*l - 3*l. What is the remainder when 35 is divided by l?
8
Let x = -6375 + 6602. Suppose 4*c + 226 = 5*n, 4*c - 188 = -2*n - 2*n. Calculate the remainder when x is divided by n.
43
Suppose -5*y + 80 = -5*b, 5*y = 2*b - 4*b + 45. What is the remainder when 414 is divided by y?
7
Let q = -123 - -136. Suppose 0 = q*z + 55 - 263. Calculate the remainder when 52 is divided by z.
4
Let x(z) = 18*z + 184. Calculate the remainder when 235 is divided by x(-6).
7
Suppose -5*a - 36 = -o, -4*o = -6*a + 3*a - 110. What is the remainder when o is divided by 7/((-49)/(-4))*(-399)/(-38)?
2
Let t(s) = -s + 8. Let h be 16/(-3) - (-6)/(-9). What is the remainder when 82 is divided by t(h)?
12
Calculate the remainder when 8 is divided by 3/9 + (-66)/(-18).
0
Calculate the remainder when (-6)/(-24) - (-357)/12 is divided by 6.
0
Let k = 22 + -7. Let m = -11 - 30. Let d = 70 + m. What is the remainder when d is divided by k?
14
Let t be 1/(18/(-4) - -4). Let j be t/(-2) - (8 - -63). What is the remainder when 93 is divided by j/(-3) - (-22)/33?
21
Let o = 187 + -111. What is the remainder when o is divided by 21?
13
Let f be -4 + (-2)/(2/(-9)). Suppose 6*s - 29 + f = 0. What is the remainder when (-3)/(1 - 8/6) is divided by s?
1
Let p(i) = -6*i + 10. Let x be p(2). Calculate the remainder when 74 is divided by 42 - ((-12)/(-8))/((-1)/x).
35
Let j be (-2)/(-4 + 14/4)*-7. What is the remainder when 239 is divided by (j/(-2) + -2)*(-48)/(-12)?
47
Suppose 8*t - 495 = 3*t. What is the remainder when t is divided by 13?
8
Let n(w) be the third derivative of 11*w**4/24 - 8*w**3/3 + 5*w**2. Calculate the remainder when n(7) is divided by 32.
29
Let b = 86 + -84. Suppose -b = r, -2*p + r = -0*p - 376. What is the remainder when p is divided by 27?
25
Let x(a) = 2*a. Let r(f) = -19*f + 13. Let g(s) = 2*r(s) + 18*x(s). Suppose t + 8 = 3*t. Calculate the remainder when t is divided by g(12).
0
Let h = 345 + -332. What is the remainder when 49 is divided by h?
10
Suppose -4*k + 2*k = -4*r - 46, 0 = 4*k + 4*r - 44. Calculate the remainder when (-14)/91 + (-2 - (-2385)/39) is divided by k.
14
Let r(j) = j**2 + 10*j. Let t be r(-10). Let k(u) = -u**2 + u + 23. Calculate the remainder when k(t) is divided by 5.
3
Let l(v) = v**2 + 18*v. Let u = 42 - 21. Calculate the remainder when l(-20) is divided by u.
19
Suppose 5*m = 4*m + 17. Let v(k) = 17*k**2 + 4*k - 11. What is the remainder when v(2) is divided by m?
14
Suppose 3*l + 3*i - i = 18, 0 = -2*l - 5*i + 23. Suppose t + l*c = -4*t + 92, 0 = 2*t - c - 29. What is the remainder when t is divided by 5?
1
Let f = -1101 + 1728. What is the remainder when f is divided by 63?
60
Let k be (30/(-8))/(30/(-80)). Suppose 0 = 4*d - k - 2. Suppose -d*r = 2*r - 80. Cal